{"id":357,"date":"2014-11-21T20:18:04","date_gmt":"2014-11-21T19:18:04","guid":{"rendered":"http:\/\/www.renaissance-vieux-boulogne.fr\/?page_id=357"},"modified":"2025-11-19T10:58:26","modified_gmt":"2025-11-19T09:58:26","slug":"nous-contacter","status":"publish","type":"page","link":"https:\/\/www.renaissance-vieux-boulogne.fr\/?page_id=357","title":{"rendered":"Nous contacter"},"content":{"rendered":"<p>Renaissance du Vieux Boulogne<\/p>\n<p>Ch\u00e2teau-Mus\u00e9e, rue de Bernet 62200 Boulogne-sur-mer<\/p>\n<p>Permanence le vendredi de 14h30 \u00e0 16h30, hors vacances scolaires<\/p>\n<p style=\"text-align: center;\"><a href=\"mailto:renaissancevieuxboulogne@gmail.com\">renaissancevieuxboulogne@gmail.com<\/a><\/p>\n<p style=\"text-align: center;\">\n","protected":false},"excerpt":{"rendered":"<p>Renaissance du Vieux Boulogne Ch\u00e2teau-Mus\u00e9e, rue de Bernet 62200 Boulogne-sur-mer Permanence le vendredi de 14h30 \u00e0 16h30, hors vacances scolaires renaissancevieuxboulogne@gmail.com<\/p>\n","protected":false},"author":1,"featured_media":0,"parent":0,"menu_order":0,"comment_status":"closed","ping_status":"closed","template":"","meta":{"footnotes":""},"class_list":["post-357","page","type-page","status-publish","hentry"],"_links":{"self":[{"href":"https:\/\/www.renaissance-vieux-boulogne.fr\/index.php?rest_route=\/wp\/v2\/pages\/357","targetHints":{"allow":["GET"]}}],"collection":[{"href":"https:\/\/www.renaissance-vieux-boulogne.fr\/index.php?rest_route=\/wp\/v2\/pages"}],"about":[{"href":"https:\/\/www.renaissance-vieux-boulogne.fr\/index.php?rest_route=\/wp\/v2\/types\/page"}],"author":[{"embeddable":true,"href":"https:\/\/www.renaissance-vieux-boulogne.fr\/index.php?rest_route=\/wp\/v2\/users\/1"}],"replies":[{"embeddable":true,"href":"https:\/\/www.renaissance-vieux-boulogne.fr\/index.php?rest_route=%2Fwp%2Fv2%2Fcomments&post=357"}],"version-history":[{"count":7,"href":"https:\/\/www.renaissance-vieux-boulogne.fr\/index.php?rest_route=\/wp\/v2\/pages\/357\/revisions"}],"predecessor-version":[{"id":4369,"href":"https:\/\/www.renaissance-vieux-boulogne.fr\/index.php?rest_route=\/wp\/v2\/pages\/357\/revisions\/4369"}],"wp:attachment":[{"href":"https:\/\/www.renaissance-vieux-boulogne.fr\/index.php?rest_route=%2Fwp%2Fv2%2Fmedia&parent=357"}],"curies":[{"name":"wp","href":"https:\/\/api.w.org\/{rel}","templated":true}]}}